 6. Let p be j(-3). Let s = -6 - -21. What is the greatest common divisor of p and s?
15
Let c be (-1)/5 + 393/15. Let o be 30 - (-3 + 4 + 3). What is the highest common divisor of o and c?
26
Suppose -w + 2 = 19. Let s = 17 + w. Suppose 5*z + 2*y - 33 = -2*y, -2*z - 5*y + 20 = s. Calculate the greatest common divisor of 5 and z.
5
Let b(o) = 9*o**2 + 62*o + 11. Let k be b(-8). Calculate the highest common divisor of 65 and k.
13
Let m = -52 + 81. Let c be (87/5)/(15/225). Calculate the greatest common divisor of c and m.
29
Let x be -18*(-50)/(-15)*-4. Calculate the highest common factor of x and 24.
24
Let z = 5 + 8. Let a(n) = 9*n**2 - 2*n - 8*n**2 + 13 - 4*n. Let t be a(6). Calculate the highest common factor of t and z.
13
Suppose 9*u + 81 = 333. What is the highest common factor of u and 294?
14
Let f = -28 + 27. Let t be (-9 - (f + -2))/1. Let l be (-2)/(-2)*2 - t. What is the greatest common divisor of l and 16?
8
Suppose -4*b + 6*b - 32 = 0. Let q = 22 - b. Calculate the greatest common divisor of q and 30.
6
Let c = 396 + -386. What is the greatest common factor of 6 and c?
2
Let o(q) be the first derivative of 2*q**3/3 + q**2/2 + 88*q - 6. Let z be o(0). What is the highest common divisor of 11 and z?
11
Let d(q) = -q**3 + 25*q + 1. Let m be d(5). Let z be (-3)/m + (-66)/(-2). Calculate the highest common divisor of z and 90.
30
Suppose -28 = -2*x + 194. Let d = x - 3. What is the greatest common divisor of 27 and d?
27
Let s be 2/(((-72)/92)/(-9)). What is the highest common divisor of 667 and s?
23
Let f be (-4 + 0 + 6)/(4/120). What is the highest common factor of f and 90?
30
Suppose 4*d = -d + 105. Let z be (-6)/9 + 1085/d. Let a = z + 15. What is the highest common factor of a and 6?
6
Suppose o = 5, -4*o + 306 = 4*c - 26. Suppose -c = -2*z + 2*d, -5*d = z - 0*d - 21. Let s be z/(-21)*-1*7. Calculate the highest common divisor of s and 48.
12
Suppose 2*u = 5*u - 6. Let x be (-6 - -4)/(u/1510). Let j be x/(-50) + 1/(-5). What is the greatest common factor of j and 45?
15
Suppose -20 + 125 = 3*l. Suppose 3*y - 16 = l. Let k be 4131/9*(-1 + (-4)/(-3)). Calculate the greatest common divisor of k and y.
17
Let l be (-16360)/(-60) + 1/3. Let i = -8 - -29. What is the greatest common divisor of i and l?
21
Suppose -m + 5*m = 224. Let l = -123 - -87. Let t = m + l. Calculate the greatest common divisor of 30 and t.
10
Let g be (13/(-3))/(1/(-3)). Let o(s) = -s**3 + 18*s**2 - 17*s + 13. Let l be 585/35 + (3 - 38/14). Let y be o(l). What is the highest common factor of g and y?
13
Suppose 0*j + 285 = 3*j. Let d(m) = -64*m - 1498. Let t be d(-24). Calculate the greatest common divisor of j and t.
19
Let n be ((-3)/4)/((-1)/24). Let p(u) = 2*u - 26. Let f be p(n). Calculate the highest common divisor of 10 and f.
10
Suppose 0 = -10*z - 14 + 404. Calculate the greatest common factor of z and 520.
13
Let j = -120 + 417. Let r(m) = -m**3 - 3*m**2 + 13*m. Let u be r(-6). Suppose 7*p - 114 = 3*p + 2*x, -x - u = -p. What is the highest common divisor of p and j?
27
Let b(o) be the second derivative of -o**4/12 + o**3/6 - 2*o**2 + 3*o. Let n be b(3). Let l = n + 15. What is the highest common divisor of 2 and l?
1
Suppose 17*k - 14336 = -15*k. What is the greatest common divisor of 48 and k?
16
Let n be -97 + 99 - (-2 + 1*-1107). Calculate the greatest common factor of 11 and n.
11
Let v be (-1)/2*(-12)/15*-10. Let c(d) = -d**3 - 5*d**2 - 6*d + 2. Let r be c(v). Calculate the highest common divisor of r and 70.
10
Let g be -1*(-631)/5 - (-5)/(-25). Calculate the highest common divisor of 28 and g.
14
Let x = 34 - 24. Let o(p) be the second derivative of -p**3/2 - 4*p**2 - 11*p. Let k be o(-6). Calculate the highest common divisor of x and k.
10
Let s be 413/14 - (3 + 14/(-4)). Calculate the greatest common factor of 18 and s.
6
Let u be (-62)/(-3) + 6/(-9). Suppose -5*j = -5*l - 45, -2*j - 3*j - 4*l = -9. What is the greatest common factor of u and j?
5
Suppose 7*y - 2*y = 75. Let v be -1*16/(-6)*30/(-40). Let n be v + -2 + 0 - -139. What is the greatest common factor of y and n?
15
Let p = 2324 + -1484. Calculate the greatest common divisor of p and 3.
3
Suppose 120 = 5*y - 30. Let k = -38 - -48. What is the greatest common factor of k and y?
10
Let j = 15 + -15. Suppose 2*q - 20 + 70 = j. Let i = -16 - q. Calculate the highest common factor of i and 36.
9
Let v(r) = 2*r**3 - 72*r**2 - 73*r - 27. Let i be v(37). Let c(j) = -j - 3. Let k be c(-7). Calculate the highest common factor of k and i.
2
Suppose -g - 20 + 21 = 0. Let l be -4 + 26/g + -2. Let t be (4/(-6))/((-1)/60). What is the greatest common factor of t and l?
20
Let a(x) = 23*x**2 - 7*x + 10. Let h be a(2). Suppose 5*g = 0, 4*l - 4*g + g - h = 0. What is the highest common factor of 2 and l?
2
Let p(b) = -5*b**3 - 7*b**2 - 8. Let i be p(-5). Let t = -226 + i. Calculate the greatest common factor of t and 27.
27
Suppose -14*t + 14 = -7*t. Suppose 3*v - 3*m = 69, 5*v - 4*v + t*m - 20 = 0. What is the highest common divisor of 2 and v?
2
Let b(l) = -37*l + 123. Let q be b(3). Suppose -2*k + 160 = -60. Suppose 5*i - k = 40. Calculate the greatest common factor of i and q.
6
Let y(r) = 20*r + 356. Let b be y(-7). What is the greatest common factor of b and 180?
36
Let j = 90 + 1. Calculate the greatest common factor of j and 91.
91
Let t = 99 + -51. Suppose 4*r = 552 - 72. What is the highest common divisor of r and t?
24
Suppose -5*y - 6 = -21. Let a be 3*(27 - 0)/y. Suppose -8*w + 12 = -4*w. Calculate the highest common divisor of w and a.
3
Let x = 21 + -16. Suppose -23 = -4*u - x*a + 26, -20 = -2*u - 4*a. Suppose u = j - 4. What is the highest common factor of 140 and j?
20
Let v(y) = -y**3 + 5*y**2 - 7*y + 4. Let w be v(4). Let f = w - -19. Let l = -53 - -141. Calculate the highest common divisor of f and l.
11
Let t(b) = -b**3 - 4*b**2 + b - 18. Let d be t(-6). Suppose -5*x + 21 + 39 = 0. What is the highest common divisor of x and d?
12
Suppose 0 = -2*r - 2*v - 48, -86 = 4*r + 5*v - 3*v. Let d = r - -13. Let o be (d/5)/(15/(-50)). Calculate the highest common factor of 36 and o.
4
Let p be 2 + -7 + (-1025)/(-5). What is the highest common divisor of 120 and p?
40
Let p = -1908 - -2056. Calculate the greatest common divisor of p and 8.
4
Suppose 0 = 4*n + 3*w - 252, 0 = -41*n + 39*n + w + 126. Let i(p) = -4*p - 1. Let m be i(-2). Calculate the highest common factor of n and m.
7
Let c = 29 + -32. Let a be 1 - (c - -8) - -6. Suppose 15*v - 90 = 10*v. Calculate the highest common divisor of a and v.
2
Suppose 5*v + 9 = -6. Let o be v + 34 + (-1 + 2)*1. What is the greatest common factor of 32 and o?
32
Let k = -737 - -770. Calculate the highest common factor of k and 528.
33
Suppose 153 = 61*f - 58*f. Calculate the highest common factor of 85 and f.
17
Suppose 222 = 5*o - 3*d, -4*d + 2*d + 76 = 2*o. Suppose 4*k = o + 50. Let u = k + -12. What is the highest common divisor of 1 and u?
1
Let j(l) = 17*l - 37. Let p be j(6). Let a be (-2)/3 + (-123)/(-9). Calculate the highest common factor of a and p.
13
Let s be 1/3*-6*-8. What is the highest common factor of s and 80?
16
Suppose 0 = -30*r + 12*r + 630. Suppose -2*k + 0 = 4. Let h(j) = j**3 + 2*j**2 - 3*j - 1. Let c be h(k). Calculate the highest common divisor of c and r.
5
Suppose 4*f + 44 + 498 = 5*t, -2*f + 312 = 3*t. Let p = -72 + t. Suppose -2*z - 10*y = -9*y - 104, 2*y - 55 = -z. What is the highest common divisor of p and z?
17
Let c(u) = -62*u**3 - 9*u**2 - 8*u - 5. Let z be c(-3). What is the highest common factor of 13 and z?
13
Let z = 578 - 500. Calculate the greatest common factor of z and 18.
6
Let v = 4 + -3. Suppose 5*i - 12 = -2. Let y be 1 - -18 - (i + v). What is the highest common divisor of 2 and y?
2
Suppose -4*c - 2*v - 3*v = -33, -3*v = -5*c + 32. Suppose -5*j + 4 + 1 = 0. Let m = j + c. Calculate the greatest common divisor of m and 32.
8
Let f be (-4)/(-5) + (-1004)/(-20). Calculate the greatest common divisor of 561 and f.
51
Let d = 463 - 320. Suppose -4*u + 2*u = 2*b - 24, -4*b - 5*u = -47. Calculate the highest common divisor of d and b.
13
Let m be ((-5)/3)/((-65)/26442). Let u be (-72)/(-2)*2/(-4). Let i be m/4 - 9/u. Calculate the highest common divisor of 34 and i.
34
Let d(l) = 4*l**2 - 2*l - 2.